te the greatest common factor of 11 and b.
11
Suppose 5*d = -5*y + 30, 5*y = d - 0*d + 6. Suppose 4 = y*c, 0 = -f - 2*c + 5*c + 36. Calculate the highest common divisor of 63 and f.
21
Let f = -8 + 32. Let v = -64 - -57. Let t be (0 + v - (3 + -5))*-12. Calculate the greatest common divisor of f and t.
12
Suppose -6 = -4*c + c. Calculate the greatest common factor of c and 14.
2
Let l be -3 - (-27 - (1 - -2)). Suppose 7*b - 4*b - l = 0. Suppose 264 = 3*g - 2*r, 0 = 4*g + 3*r - 20 - 349. What is the highest common factor of g and b?
9
Let y(i) = 3*i**3 - 7*i + 6. Let k be y(3). What is the greatest common factor of k and 22?
22
Let b be (-84)/105 - -3414*(-4)/(-20). Calculate the greatest common divisor of b and 66.
22
Suppose -2*l + 3*d + 15 = 2*l, 0 = 3*d - 9. Calculate the greatest common factor of l and 150.
6
Suppose 729*h + 3248 = 737*h. Calculate the highest common divisor of 28 and h.
14
Let q = 14 - 17. Let u = -13 - q. Let h be (-1106)/u + (-9)/15. Calculate the highest common factor of 10 and h.
10
Let z = 7 - 4. Let h be 81*(-3 + 5) + z. Calculate the greatest common factor of 15 and h.
15
Let a be -5 - -206*5/10. What is the highest common divisor of a and 392?
98
Let z(y) = y**3 - 6*y**2 + 2*y - 7. Let o be z(6). Let s be 6 - (o - 2) - 3. Let p = 110 - s. Calculate the greatest common divisor of p and 44.
22
Let d(c) = -8*c**2 - 3*c + 1. Let s be d(2). Let r = 51 + s. What is the greatest common divisor of r and 154?
14
Suppose -m - 1 = -0*m. Let j be 1*(17 + 1/m). Suppose 73 = 5*q + v, 2250 = 3*v + 2271. Calculate the highest common divisor of j and q.
16
Suppose -3*w - q + 139 = 0, 5*w + 0*q - 231 = -2*q. What is the highest common divisor of 47 and w?
47
Let a(m) = m**2 + 8*m - 1. Let d be a(7). What is the greatest common factor of d and 39?
13
Let d = 6 + 59. Suppose -5*q - 8 = -3. Let m(r) = 25*r**2 - 2*r - 1. Let l be m(q). Calculate the greatest common factor of d and l.
13
Let n be 89/(-13) + (-4)/26. Let s be (-382)/n - 21/(-49). Let d = -67 - -89. What is the greatest common factor of d and s?
11
Suppose 6*b = 13*b - 546. What is the greatest common factor of 182 and b?
26
Let i(q) = q - 7. Let h be i(5). Let a be (h + 18)/(10/15). What is the highest common divisor of 264 and a?
24
Suppose -5*f = 5*b - 35, -f - 2*b + 11 = -0*f. Suppose f*g = -0*g + 72. Calculate the highest common factor of g and 16.
8
Suppose -c + 5 = -2*s + 2, -25 = -4*c - 5*s. Suppose 4*r + 2*l - 258 = 0, c*r + 2*l - 293 = 31. Calculate the highest common divisor of r and 22.
22
Let c = -55 + 3630. Calculate the greatest common factor of c and 11.
11
Suppose 139 + 350 = 3*c. Suppose 3*i - c = -43. Calculate the highest common divisor of i and 16.
8
Suppose -27 - 23 = -5*q. Let d(x) = x**2 + 24*x - 10. Let b be d(-25). What is the greatest common factor of q and b?
5
Suppose 10 = 5*k, 0 = -3*t - 2*k + 355 - 66. Calculate the greatest common factor of 57 and t.
19
Suppose 2*h - 13 - 18 = -5*s, 0 = -5*h + 3*s. Suppose -h*x + 108 = 4*q, 4*x - 58 - 86 = -4*q. Let j = 41 - x. Calculate the greatest common divisor of 25 and j.
5
Let a(m) = -m**3 + 4*m**2 + 7*m + 2. Let j be a(5). Suppose 0 = -58*x + 472 + 224. Calculate the highest common divisor of x and j.
12
Let j be (0 - 2)/((-13)/(-728)*-7). Calculate the greatest common divisor of j and 400.
16
Let u(v) = -2*v**2 + 2*v + 1. Let s be u(-1). Let c be 0 + (1 - 0 - (1 + s)). What is the greatest common divisor of 3 and c?
3
Suppose -19*x - 19 + 76 = 0. What is the greatest common divisor of x and 12?
3
Let b = -59 + 71. Calculate the greatest common divisor of b and 192.
12
Let h be ((-30)/4)/((-295)/(-30) - 10). Let n(r) = 15 + 3*r + 0*r - 4*r + r**2. Let p be n(0). What is the highest common divisor of h and p?
15
Let q(i) = 4*i**2 - 39*i + 6. Let z(r) = 9*r**2 - 79*r + 11. Let m(h) = -5*q(h) + 2*z(h). Let x be m(18). What is the highest common divisor of x and 10?
10
Let h be ((-10)/(20/42))/(1/(-157)). Calculate the greatest common factor of h and 21.
21
Let z(u) = -u**2 + 9*u - 12. Let r be z(5). What is the highest common divisor of 128 and r?
8
Let m(s) = -s**3 - 3*s**2 + 11*s - 17. Let f be m(-7). What is the greatest common factor of f and 17?
17
Suppose -4*x + 200 = 4*c, 2*c + 3*x = -x + 110. Suppose 0 = -3*l + 6*l - 4*a - 19, 2*l = 2*a + 12. What is the highest common divisor of l and c?
5
Let y = 397 - 250. Let f be 20/(-5)*(-98)/8. Calculate the greatest common factor of f and y.
49
Suppose -5*j + 4*y = -169, -j + 5*j - 4*y = 136. Let b be (-216)/(-10) - 3*(-6)/45. Calculate the greatest common factor of j and b.
11
Suppose 0 = -3*u + 5*y - 44 + 109, 0 = -5*u - 4*y + 170. Let o be ((-41)/(-1) - -4)*30/18. Calculate the highest common factor of o and u.
15
Let p = -246 - -731. What is the greatest common factor of 5 and p?
5
Let m = 40 - 40. Let d(a) = -5*a + 16. Let h be d(m). What is the highest common divisor of 176 and h?
16
Let w be 104 - 2/(-2)*(41 - 34). What is the highest common factor of 481 and w?
37
Suppose -3*z + 0*z - 9 = 0. Let h(w) = w**2 + 2*w. Let x be h(z). Suppose y - 3*i = -6, 9 = 3*i - x. What is the greatest common divisor of y and 12?
6
Let d(s) = 8*s + 4. Let p be d(-2). Let q be (p/(-8))/((-2)/(-156)). What is the greatest common factor of q and 13?
13
Suppose 30 = 5*d + 15. Let y(h) = 114*h. Let i be y(d). Calculate the greatest common divisor of 38 and i.
38
Suppose 105*f = 79*f + 6162. Calculate the highest common factor of 158 and f.
79
Suppose -6*p + 3*m = -9*p + 21, 4*p - 17 = 7*m. Suppose -3*t + 7 = i, i + 2*i = -2*t. What is the highest common divisor of t and p?
3
Suppose 3*f + 15 = 0, -c + f - 2*f = -20. Let v be -3*2/(-15) - 26/65. Suppose v = l - 53 - 22. Calculate the highest common factor of l and c.
25
Let t be 141/27 - (10/45 + 0). Suppose j - 15 = -2*z, 5*j - 2*j + 43 = t*z. What is the greatest common factor of 104 and z?
8
Let x = 548 - 512. What is the highest common divisor of x and 252?
36
Let w be (-568)/16*-2 - 1. Calculate the highest common factor of 455 and w.
35
Let k be 6/(-21) + (-715)/(-77). What is the greatest common factor of k and 540?
9
Let j(z) = 84*z + 826. Let v be j(-9). Calculate the greatest common factor of 448 and v.
14
Let o = 2814 - 2805. Let p = 30 + 69. Calculate the highest common factor of o and p.
9
Let i(f) = 2*f - 25. Let g be i(13). Let m be ((-1)/((-2)/6))/g. What is the highest common divisor of m and 2?
1
Let i be 2/((-4)/210*3). Let l = 38 + i. Suppose l = -r + 4*r. What is the greatest common factor of r and 2?
1
Suppose -5*v = -4*u - 27, -5*v + 40 = -2*u + 9. Calculate the highest common factor of v and 91.
7
Let u = 145 - 144. Let b = 6 + 3. What is the highest common factor of b and u?
1
Suppose -3*i = 2*j + 35, -9 = -3*i - 0. Let y = -1 - j. Let r be (-1)/(2 - (-43)/(-21)). What is the greatest common factor of r and y?
21
Let x = -263 + 1319. Suppose -u = 2*u - x. Suppose 3*n = 2*m + 264, -3*m + m = 4*n - u. Calculate the greatest common factor of 11 and n.
11
Suppose -3*p + 3*s = 2*p - 16, -29 = -4*p - 3*s. Suppose 63 + 17 = p*l. What is the highest common divisor of 16 and l?
16
Let o be 294*7/7 + 2. Calculate the greatest common divisor of 8 and o.
8
Let m = -12 + 17. Suppose -7*j + 30 = -m*j. Let g be j/5 - 0 - 0. What is the highest common divisor of g and 27?
3
Let k be 5/(10/8) + -93. Let q = 188 + k. What is the highest common divisor of q and 66?
33
Suppose a = 7*a - 5184. What is the greatest common divisor of a and 32?
32
Let b be (-6)/4*(13 + -17). Let f = b - -29. What is the greatest common divisor of f and 14?
7
Let c be ((7 - 3) + -4)/(-2). Let s be (-190)/(-19) + c/2. Calculate the greatest common factor of 80 and s.
10
Suppose -3*g - 1033 = -5*n - 187, n + 2*g - 177 = 0. What is the highest common factor of n and 19?
19
Let a(w) = 4*w**3 + 32*w**2 + 12. Let r be a(-8). Suppose -h + 11 + 1 = 0. What is the greatest common factor of h and r?
12
Let j = -911 - -927. What is the highest common divisor of 2608 and j?
16
Let v be 7/(28/(-12)) + 11. Suppose 0 = v*c - 5*c - 36. What is the highest common divisor of 60 and c?
12
Suppose 82 = 4*c + 46*r - 45*r, 0 = -4*c - 2*r + 84. What is the highest common factor of c and 32?
4
Suppose 4*o = -0*o + 36. Let n be 30/o*18/5. What is the highe